, 3, 37, 89
What are the prime factors of 443?
443
List the prime factors of 11250.
2, 3, 5
List the prime factors of 6497.
73, 89
List the prime factors of 5338.
2, 17, 157
What are the prime factors of 1545?
3, 5, 103
What are the prime factors of 4318?
2, 17, 127
List the prime factors of 6785.
5, 23, 59
What are the prime factors of 27730?
2, 5, 47, 59
What are the prime factors of 107007?
3, 53, 673
What are the prime factors of 110600?
2, 5, 7, 79
List the prime factors of 1905.
3, 5, 127
What are the prime factors of 123?
3, 41
List the prime factors of 153528.
2, 3, 6397
List the prime factors of 40803.
3, 7, 29, 67
List the prime factors of 46915.
5, 11, 853
List the prime factors of 16894.
2, 8447
List the prime factors of 22941.
3, 2549
What are the prime factors of 15369?
3, 47, 109
List the prime factors of 42529.
71, 599
List the prime factors of 10608.
2, 3, 13, 17
What are the prime factors of 904?
2, 113
What are the prime factors of 32170?
2, 5, 3217
What are the prime factors of 10112?
2, 79
What are the prime factors of 2897?
2897
What are the prime factors of 151369?
229, 661
What are the prime factors of 44006?
2, 22003
What are the prime factors of 4059?
3, 11, 41
What are the prime factors of 152336?
2, 9521
List the prime factors of 36640.
2, 5, 229
List the prime factors of 61470.
2, 3, 5, 683
What are the prime factors of 10378?
2, 5189
List the prime factors of 223.
223
List the prime factors of 27002.
2, 23, 587
What are the prime factors of 72240?
2, 3, 5, 7, 43
List the prime factors of 90210.
2, 3, 5, 31, 97
List the prime factors of 235.
5, 47
What are the prime factors of 6559?
7, 937
List the prime factors of 2187.
3
List the prime factors of 181347.
3, 60449
List the prime factors of 8122.
2, 31, 131
What are the prime factors of 3022?
2, 1511
List the prime factors of 2649.
3, 883
What are the prime factors of 3888?
2, 3
List the prime factors of 6360.
2, 3, 5, 53
What are the prime factors of 20387?
19, 29, 37
What are the prime factors of 889?
7, 127
List the prime factors of 9523.
89, 107
List the prime factors of 628.
2, 157
List the prime factors of 2273.
2273
List the prime factors of 66774.
2, 3, 31, 359
List the prime factors of 29145.
3, 5, 29, 67
List the prime factors of 34.
2, 17
List the prime factors of 65764.
2, 41, 401
What are the prime factors of 1706?
2, 853
What are the prime factors of 2951?
13, 227
What are the prime factors of 8016?
2, 3, 167
What are the prime factors of 130930?
2, 5, 13093
What are the prime factors of 5349?
3, 1783
What are the prime factors of 60714?
2, 3, 3373
List the prime factors of 7750.
2, 5, 31
What are the prime factors of 663?
3, 13, 17
What are the prime factors of 3194?
2, 1597
List the prime factors of 28582.
2, 31, 461
List the prime factors of 55198.
2, 11, 13, 193
What are the prime factors of 134676?
2, 3, 29, 43
List the prime factors of 40726.
2, 7, 2909
What are the prime factors of 52616?
2, 6577
List the prime factors of 1344.
2, 3, 7
What are the prime factors of 4555?
5, 911
What are the prime factors of 125719?
11, 1039
What are the prime factors of 309?
3, 103
What are the prime factors of 678?
2, 3, 113
What are the prime factors of 2498?
2, 1249
What are the prime factors of 3138?
2, 3, 523
What are the prime factors of 4545?
3, 5, 101
List the prime factors of 123487.
7, 13, 23, 59
List the prime factors of 6733.
6733
What are the prime factors of 11085?
3, 5, 739
What are the prime factors of 74?
2, 37
What are the prime factors of 1754?
2, 877
List the prime factors of 5182.
2, 2591
List the prime factors of 68336.
2, 4271
List the prime factors of 42118.
2, 21059
What are the prime factors of 725?
5, 29
What are the prime factors of 605?
5, 11
What are the prime factors of 326?
2, 163
What are the prime factors of 5796?
2, 3, 7, 23
List the prime factors of 28735.
5, 7, 821
List the prime factors of 46.
2, 23
List the prime factors of 9027.
3, 17, 59
What are the prime factors of 6309?
3, 701
What are the prime factors of 611?
13, 47
List the prime factors of 6607.
6607
What are the prime factors of 12146?
2, 6073
List the prime factors of 5014.
2, 23, 109
What are the prime factors of 16623?
3, 1847
List the prime factors of 2699.
2699
List the prime factors of 2557.
2557
What are the prime factors of 449?
449
List the prime factors of 13944.
2, 3, 7, 83
List the prime factors of 22925.
5, 7, 131
What are the prime factors of 10486?
2, 7, 107
List the prime factors of 30659.
23, 31, 43
List the prime factors of 955.
5, 191
List the prime factors of 5713.
29, 197
What are the prime factors of 32657?
17, 113
What are the prime factors of 27011?
27011
What are the prime factors of 58664?
2, 7333
List the prime factors of 50602.
2, 25301
What are the prime factors of 1887?
3, 17, 37
What are the prime factors of 83263?
53, 1571
List the prime factors of 5070.
2, 3, 5, 13
List the prime factors of 121186.
2, 13, 59, 79
What are the prime factors of 738?
2, 3, 41
List the prime factors of 1352.
2, 13
What are the prime factors of 11134?
2, 19, 293
What are the prime factors of 9312?
2, 3, 97
List the prime factors of 2267.
2267
List the prime factors of 4077.
3, 151
List the prime factors of 2136.
2, 3, 89
List the prime factors of 69211.
67, 1033
List the prime factors of 13124.
2, 17, 193
List the prime factors of 1183.
7, 13
List the prime factors of 1660.
2, 5, 83
List the prime factors of 32864.
2, 13, 79
What are the prime factors of 966?
2, 3, 7, 23
What are the prime factors of 185697?
3, 47, 439
List the prime factors of 28006.
2, 11, 19, 67
List the prime factors of 22677.
3, 7559
What are the prime factors of 7927?
7927
List the prime factors of 1057.
7, 151
What are the prime factors of 64937?
64937
List the prime factors of 2007.
3, 223
What are the prime factors of 3230?
2, 5, 17, 19
What are the prime factors of 2140?
2, 5, 107
List the prime factors of 345.
3, 5, 23
What are the prime factors of 48573?
3, 7, 257
List the prime factors of 2311.
2311
List the prime factors of 1461.
3, 487
List the prime factors of 54601.
54601
List the prime factors of 1492.
2, 373
List the prime factors of 9033.
3, 3011
List the prime factors of 11621.
11621
List the prime factors of 786.
2, 3, 131
List the prime factors of 1013.
1013
List the prime factors of 1420.
2, 5, 71
What are the prime factors of 6119?
29, 211
What are the prime factors of 2917?
2917
List the prime factors of 115006.
2, 57503
List the prime factors of 60498.
2, 3, 3361
List the prime factors of 4408.
2, 19, 29
List the prime factors of 1436.
2, 359
What are the prime factors of 6666?
2, 3, 11, 101
What are the prime factors of 16925?
5, 677
List the prime factors of 541.
541
What are the prime factors of 27855?
3, 5, 619
List the prime factors of 1737.
3, 193
What are the prime factors of 10891?
10891
What are the prime factors of 2190?
2, 3, 5, 73
What are the prime factors of 32023?
31, 1033
List the prime factors of 3993.
3, 11
What are the prime factors of 1973?
1973
What are the prime factors of 486?
2, 3
What are the prime factors of 910?
2, 5, 7, 13
List the prime factors of 22858.
2, 11, 1039
What are the prime factors of 4999?
4999
What are the prime factors of 5852?
2, 7, 11, 19
List the prime factors of 5106.
2, 3, 23, 37
What are the prime factors of 108465?
3, 5, 7, 1033
List the prime factors of 347.
347
List the prime factors of 21897.
3, 811
What are the prime factors of 18439?
18439
What are the prime factors of 186403?
7, 31, 859
List the prime factors of 511.
7, 73
List the prime factors of 3648.
2, 3, 19
List the prime factors of 286.
2, 11, 13
What are the prime factors of 33147?
3, 29, 127
List the prime factors of 1606.
2, 11, 73
What are the prime factors of 1030?
2, 5, 103
List the prime factors of 12366.
2, 3, 229
What are the prime factors of 5226?
2, 3, 13, 67
What are the prime factors of 3584?
2, 7
List the prime factors of 575.
5, 23
What are the prime factors of 4571?
7, 653
What are the prime factors of 3860?
2, 5, 193
What are the prime factors of 8018?
2, 19, 211
What are the prime factors of 14625?
3, 5, 13
List the prime factors of 13731.
3, 23, 199
What are the prime factors of 84944?
2, 5309
What are the prime factors of 2